e w(-9).
-6
Let f(y) = 2*y**2 - 6*y. Let u be f(3). Let k(j) = j**2 + u*j**2 + 1220 - 1222 + j. What is k(2)?
4
Let v(q) be the first derivative of -5*q**3/3 - q + 1. Suppose -143 - 77 = 5*t. Let h = t + 45. What is v(h)?
-6
Let g(k) be the first derivative of 6*k**3 - k - 59. Give g(-1).
17
Suppose -7*w = -14*w. Let k(h) be the first derivative of -2*h + w*h**2 + 6 + 0*h**3 - 1/4*h**4. Calculate k(0).
-2
Let n(x) be the second derivative of x**6/360 + x**5/20 + x**4/12 + 6*x. Let d(h) be the third derivative of n(h). Let w = 33 + -38. Calculate d(w).
-4
Let c = -66 + -7. Let l = 72 + c. Let v(f) = 11*f**2 - 1. Determine v(l).
10
Let h(z) = 2*z - 2*z**2 + 3*z**2 + 1 + 6*z. Suppose 72 = -4*a - 5*n, 4*n = -87*a + 91*a. Give h(a).
1
Suppose -5*z = 4*p - 20 - 31, -11 = -p - 3*z. Let l(m) = m**2 - 11*m - 30. Determine l(p).
12
Let v(b) be the third derivative of b**5/60 - b**4/8 + b**3/6 + 2*b**2 + 260. Calculate v(4).
5
Let o(q) be the second derivative of q**4/12 + 5*q**3/6 + 7*q**2/2 + 3*q + 3. What is o(-5)?
7
Let j(u) = -u - 1. Let b(w) = -w - 1. Let p(k) = -b(k) + 2*j(k). Calculate p(5).
-6
Let y(v) = -v**3 + 2*v**2 - 3*v + 3. Suppose -3*b - 72 = -3*m - b, 0 = m - 4*b - 34. Suppose 48 = -j + 3*j. Let r = j - m. Calculate y(r).
-3
Let n(y) be the second derivative of 5*y**4/12 - y**3/6 + 27*y. Suppose 0 = b - 3. Suppose -2*d - d = 3*l + 18, b*d - 3*l - 12 = 0. Calculate n(d).
6
Suppose -4*m - 36 = -5*n, m - 5 + 4 = 0. Let a be 48/9 + n/(-24). Let l(f) = f**2 - 6*f + 3. What is l(a)?
-2
Let j(x) be the third derivative of -x**5/30 + x**4/8 + x**3/6 - x**2. Let g(v) = v**3 - 4*v**2 - 40*v - 59. Let z be g(-3). Calculate j(z).
-13
Let x(p) be the first derivative of p**4/4 - 5*p**3/3 - 5*p**2/2 + 3*p - 12. What is x(5)?
-22
Let f = 0 - -1. Let h(k) = -k**2 + k + 23. Let a(w) = -7*w**2 + 2*w + 69. Let j(r) = -a(r) + 3*h(r). Determine j(f).
5
Suppose 5*y - 18 = -h + 3*h, 5*h - 2*y + 24 = 0. Let j(g) = 2*g**2 + 4*g + 1. What is j(h)?
17
Let f(i) = -i**3 - 5*i**2 + 7. Let o be f(-5). Let m(h) = -5 + 10 + 4 + 0 - 2*h. What is m(o)?
-5
Let i(w) = -6*w**3 + 1. Let t(o) = 76*o + 303. Let j be t(-4). Determine i(j).
7
Let y(l) = l**3 - 11*l**2 - 5. Let k be y(11). Let c(x) = x**3 + 4*x**2 - 2*x + 12. Determine c(k).
-3
Let a(w) be the third derivative of w**4/24 + 5*w**3/3 + 49*w**2. Give a(-15).
-5
Let s(q) = 7*q - 7. Let j(l) = 3*l - 4. Let d(m) = 2*j(m) - s(m). Suppose -4*h + 13 = 5*a - 11, -13 = -4*a + 3*h. What is d(a)?
-5
Let k = -51 - -46. Let w(z) = -3*z - 3. Calculate w(k).
12
Let l = 15 + -11. Suppose -l = 3*x - 2*f + 14, -3*f = 0. Let k = x + 9. Let r(i) = i**3 - 2*i**2 + i + 2. Calculate r(k).
14
Let l(n) = -4*n + 6*n + 4*n + 13*n**2 - 4*n**2 + n**3 - 7. Calculate l(-8).
9
Let c be ((-11)/10 - (-28)/(-70))*-4. Let m(t) = t**3 - 7*t**2 + t + 5. What is m(c)?
-25
Let t(h) = -h**2 + 6*h + 1. Let n be t(5). Let v(d) be the third derivative of -2*d**3 + 1/24*d**4 + 0 + 0*d - 44*d**2. What is v(n)?
-6
Suppose -z = -3*z + i + 1, -z - 7 = 2*i. Let p(r) = 3 + 3*r**2 + 3*r - r - 2. Give p(z).
2
Let i be (4 - (-64)/(-12)) + 15/45. Let f(j) = -27*j + 1. Determine f(i).
28
Let q be ((-52)/91)/(7/98). Let a(s) = s**3 + 9*s**2 + 7*s + 8. Calculate a(q).
16
Let h(r) be the second derivative of r**5/20 + r**4/3 - r**3/3 - 3*r**2 - 2*r. Let q be 28/(-12)*45/3. Let c = -39 - q. Calculate h(c).
2
Let t(c) = 3*c - 1. Let r(y) = -13*y + 4. Let z(p) = -r(p) - 5*t(p). Calculate z(1).
-1
Let n = -2145 + 2144. Let w(g) = 3*g + 2. Determine w(n).
-1
Let m = 389 + -388. Let n(t) = -t + 1. Determine n(m).
0
Let j(n) = n - 2. Suppose -p + 0 = 4. Let r(g) = -g**3 - 11*g**2 - 10*g + 5. Let s be r(-10). Let a be (2 - s)/(p + 3). Calculate j(a).
1
Let o(d) = -d**3 - 6*d**2 - 5*d - 5. Let b(s) = 2*s**2 + 11*s + 6. Let c = -23 + 19. Let v be b(c). Let j = v - -1. What is o(j)?
-5
Let i(c) = -3*c - 3. Suppose x = 2*x. Suppose x = -5*f + y - 10, -f = 3*y - 6*y - 12. Give i(f).
6
Let f = 554 - 561. Let n(l) = l**2 + 4*l - 8. Give n(f).
13
Let v be 46/1173 - (-11)/1020. Let i(g) be the second derivative of 0 + 0*g**4 + 0*g**3 + 0*g**2 - 10*g + v*g**5. What is i(-1)?
-1
Let h(n) = -2*n**2 - 29*n - 3. Let u(a) = a**2 + 14*a + 1. Let k(y) = -6*h(y) - 13*u(y). Let f(w) = w + 7. Let t be f(-16). Let l = -17 - t. Determine k(l).
5
Let b(h) be the third derivative of h**4/24 + h**3/2 + h**2. Suppose -9*f = -4*f. Suppose p = -f*p. Calculate b(p).
3
Let t(l) be the third derivative of -l**7/2520 + l**6/180 + l**5/10 - 13*l**2. Let q(b) be the third derivative of t(b). What is q(5)?
-6
Let h(t) = -9*t**2 - 2*t - 1. Suppose 4*d = -471 + 467. Determine h(d).
-8
Let v(q) = -q**3 - 10*q**2 + 3*q + 12. Let d(s) = 2*s + 90. Let m be d(-50). Determine v(m).
-18
Let w(x) be the third derivative of x**5/20 + 9*x**2. Suppose 0 = i - 2*a - 7, i + a = 5*i. Calculate w(i).
3
Let t(o) = 2*o**2 + o + 2. Let b be t(-4). Let y be 2 - (-3 + (0 - 2)). Suppose -2*p - b = -y*p. Let g(w) = w**3 - 6*w**2 + 2*w - 6. Determine g(p).
6
Let m(v) = -1353*v + 9 + 1352*v + 1. Calculate m(5).
5
Let m(b) = b**2 - 6*b + 6. Let l be m(0). Suppose l*h = 27 - 9. Let t(f) = -f**3 + 3*f**2 + 2. Determine t(h).
2
Suppose 0 = 5*n - 0*n - 15. Suppose -5*c + 8 = n. Let b(o) = 9*o**3 + o**2 - 2*o + 1. Give b(c).
9
Let f(q) = -2*q + 5*q + 9 + 0*q. Let v be f(-5). Let j(a) be the second derivative of a**4/12 + 7*a**3/6 + 3*a. Give j(v).
-6
Let y(x) = x + 10 - 1 + 0*x. Let n = -4643 + 4638. What is y(n)?
4
Suppose -12*n + 428 = 380. Let i(t) = -t**2 + 6*t - 4. What is i(n)?
4
Let b = 9 - -1. Suppose 6*i = 4*i + b. Let r(f) = -f**3 + 4*f**2 + 6*f - 7. Determine r(i).
-2
Let m(g) be the first derivative of -g**3/3 - 23*g**2/2 - 28*g + 507. What is m(-22)?
-6
Let l(q) = q**3 - 3*q**2 - 9*q - 1. Let d be l(5). Suppose -26 = -3*x - c, 3*x + 3*c = 32 + d. Let w(y) = -y**3 + 6*y**2 + 7*y - 2. What is w(x)?
-2
Let g(b) = 4 - 6*b + b + 116*b**3 - 115*b**3 + 4 - 3. Calculate g(3).
17
Let s be (24/20)/((-9)/(-30)). Suppose 5*y = -2*t - 13, 0*y - s*y - 16 = 3*t. Let n(f) = -f - 4. What is n(t)?
0
Let m(n) = n**2 + 7. Let i = 571 - 576. What is m(i)?
32
Let o(p) = p**3 + 6*p**2 + 2*p + 2. Let y be o(-5). Let n(s) = 14*s - y*s + s. What is n(-3)?
6
Let j(w) = 3*w - 10*w + 6*w - 3*w + 4 + w. Give j(-4).
16
Let c(v) = -5*v + 1. Let k(b) = -3*b - 17. Let m be k(-5). Let r be (-15)/(-18) + m/(-12). Let d be r/2 + 6/4. Calculate c(d).
-9
Let f(o) = 8 - 18 + 7*o + 3*o**2 + 6 - 4*o**2. Suppose 5*z = q - 4*q + 5, -5*q - 5*z + 15 = 0. What is f(q)?
6
Let y(x) = -x - 6. Let k be -2 + (-1)/((-4)/(-40)). Let g be y(k). Let z(q) = -q + 6. What is z(g)?
0
Let g(x) = 17*x + 3. Let w be g(0). Let n(u) be the first derivative of 0*u**2 - 6 - 1/3*u**w - u. What is n(0)?
-1
Let h(i) = -6 + 3*i + i**3 + 46*i**2 - 54*i**2 + 8*i. Calculate h(7).
22
Let t be -9 + (-7)/((-49)/56). Let m(a) = -a. Determine m(t).
1
Let h(s) = s + 5. Suppose -3*m - 5*l = 28, -3*m + l + 31 = 29. Calculate h(m).
4
Let k = -7 - -10. Let y(w) = -3*w + k*w + 4*w. Suppose 0 = -16*h - 54 + 22. What is y(h)?
-8
Suppose q + 1 = -0*r - 2*r, 4*q = -4. Let b(u) = -u**3 - u**2 - 2*u + 3. Let w be b(r). Let h(z) = 3 + 3*z**3 - 6*z**2 + 2*z**2 - 2*z**3. Calculate h(w).
-6
Let w(u) be the first derivative of -2*u**3/3 - 3*u**2/2 - 3*u + 2. Let h be (-24)/(-112)*80/(-15)*(-14)/(-4). What is w(h)?
-23
Let s(a) be the second derivative of 0 + 0*a**2 + 1/3*a**3 - 9*a + 2/15*a**5 - 1/24*a**4. Let q(c) be the second derivative of s(c). Determine q(1).
15
Suppose 284 = 41*l + 38. Let d(n) = -3*n + 17. Give d(l).
-1
Let t(n) = -n + 5. Let s(v) = -v**2 - 4*v - 14. Let l(m) = -s(m) - 4*t(m). Give l(-5).
-21
Let o(j) = 2*j**2 - 8*j - 5. Suppose g + 2*g = -5*k, -g - 4 = 3*k. Calculate o(g).
5
Let y(r) be the first derivative of -r**2/2 + r - 4. Suppose 3*n + 5*m - 5 = 0, 4*m - 2 = -4*n + 10. Calculate y(n).
-4
Let s(d) = -d**3 + d**2 + d - 1. Let g(f) = -5*f**3 + 15*f**2 - 3*f + 3. Suppose -o - 4 = r, 3*r - 3*o - 8 = 2*r. Let j(v) = r*g(v) + 6*s(v). What is j(-10)?
1
Let w = -4 + 6. Suppose -w*a = -10 + 12. Let r be (a + 0)/(5/35). Let v(k) = k**3 + 7*k**2 + k + 7. Calculate v(r).
0
Suppose -7 = -5*y + 2*v + 2*v, -3*v = -6. Let f(a) be the third derivative of 0*a + 0 - 1/24*a**4 - 15*a**2 - 1/6*a**3. What is f(y)?
-4